{"id":21,"date":"2017-10-03T17:47:13","date_gmt":"2017-10-03T17:47:13","guid":{"rendered":"https:\/\/endodontia.ee\/?page_id=21"},"modified":"2019-06-22T11:18:22","modified_gmt":"2019-06-22T08:18:22","slug":"seltsist","status":"publish","type":"page","link":"https:\/\/endodontia.ee\/?page_id=21","title":{"rendered":"Seltsist"},"content":{"rendered":"<p>MT\u00dc Eesti Endodontia Selts asutati 01.05.2017<\/p>\n<p><a href=\"https:\/\/endodontia.ee\/wp-content\/uploads\/2018\/01\/Eesti-Endodontia-Selts-P\u00f5hikiri.pdf\">Eesti Endodontia Selts P\u00f5hikiri<\/a><\/p>\n<p>Meid v\u00f5ite leida ka FB st&nbsp;<a href=\"https:\/\/www.facebook.com\/EestiEndodontiaSelts\">Kliki siia<\/a><\/p>\n","protected":false},"excerpt":{"rendered":"<p>MT\u00dc Eesti Endodontia Selts asutati 01.05.2017 Eesti Endodontia Selts P\u00f5hikiri Meid v\u00f5ite leida ka FB st&nbsp;Kliki siia<\/p>\n","protected":false},"author":1,"featured_media":0,"parent":0,"menu_order":1,"comment_status":"closed","ping_status":"closed","template":"","meta":{"footnotes":""},"class_list":["post-21","page","type-page","status-publish","hentry"],"yoast_head":"<!-- This site is optimized with the Yoast SEO plugin v27.5 - https:\/\/yoast.com\/product\/yoast-seo-wordpress\/ -->\n<title>Seltsist - Eesti Endodontia Selts<\/title>\n<meta name=\"robots\" content=\"index, follow, max-snippet:-1, max-image-preview:large, max-video-preview:-1\" \/>\n<link rel=\"canonical\" href=\"https:\/\/endodontia.ee\/?page_id=21\" \/>\n<meta property=\"og:locale\" content=\"et_EE\" \/>\n<meta property=\"og:type\" content=\"article\" \/>\n<meta property=\"og:title\" content=\"Seltsist - Eesti Endodontia Selts\" \/>\n<meta property=\"og:description\" content=\"MT\u00dc Eesti Endodontia Selts asutati 01.05.2017 Eesti Endodontia Selts P\u00f5hikiri Meid v\u00f5ite leida ka FB st&nbsp;Kliki siia\" \/>\n<meta property=\"og:url\" content=\"https:\/\/endodontia.ee\/?page_id=21\" \/>\n<meta property=\"og:site_name\" content=\"Eesti Endodontia Selts\" \/>\n<meta property=\"article:publisher\" content=\"https:\/\/www.facebook.com\/EestiEndodontiaSelts\" \/>\n<meta property=\"article:modified_time\" content=\"2019-06-22T08:18:22+00:00\" \/>\n<meta name=\"twitter:card\" content=\"summary_large_image\" \/>\n<script type=\"application\/ld+json\" class=\"yoast-schema-graph\">{\"@context\":\"https:\\\/\\\/schema.org\",\"@graph\":[{\"@type\":\"WebPage\",\"@id\":\"https:\\\/\\\/endodontia.ee\\\/?page_id=21\",\"url\":\"https:\\\/\\\/endodontia.ee\\\/?page_id=21\",\"name\":\"Seltsist - Eesti Endodontia Selts\",\"isPartOf\":{\"@id\":\"https:\\\/\\\/endodontia.ee\\\/#website\"},\"datePublished\":\"2017-10-03T17:47:13+00:00\",\"dateModified\":\"2019-06-22T08:18:22+00:00\",\"breadcrumb\":{\"@id\":\"https:\\\/\\\/endodontia.ee\\\/?page_id=21#breadcrumb\"},\"inLanguage\":\"et\",\"potentialAction\":[{\"@type\":\"ReadAction\",\"target\":[\"https:\\\/\\\/endodontia.ee\\\/?page_id=21\"]}]},{\"@type\":\"BreadcrumbList\",\"@id\":\"https:\\\/\\\/endodontia.ee\\\/?page_id=21#breadcrumb\",\"itemListElement\":[{\"@type\":\"ListItem\",\"position\":1,\"name\":\"Home\",\"item\":\"https:\\\/\\\/endodontia.ee\\\/\"},{\"@type\":\"ListItem\",\"position\":2,\"name\":\"Seltsist\"}]},{\"@type\":\"WebSite\",\"@id\":\"https:\\\/\\\/endodontia.ee\\\/#website\",\"url\":\"https:\\\/\\\/endodontia.ee\\\/\",\"name\":\"Eesti Endodontia Selts\",\"description\":\"ESE t\u00e4isliige alates 2017\",\"potentialAction\":[{\"@type\":\"SearchAction\",\"target\":{\"@type\":\"EntryPoint\",\"urlTemplate\":\"https:\\\/\\\/endodontia.ee\\\/?s={search_term_string}\"},\"query-input\":{\"@type\":\"PropertyValueSpecification\",\"valueRequired\":true,\"valueName\":\"search_term_string\"}}],\"inLanguage\":\"et\"}]}<\/script>\n<!-- \/ Yoast SEO plugin. -->","yoast_head_json":{"title":"Seltsist - Eesti Endodontia Selts","robots":{"index":"index","follow":"follow","max-snippet":"max-snippet:-1","max-image-preview":"max-image-preview:large","max-video-preview":"max-video-preview:-1"},"canonical":"https:\/\/endodontia.ee\/?page_id=21","og_locale":"et_EE","og_type":"article","og_title":"Seltsist - Eesti Endodontia Selts","og_description":"MT\u00dc Eesti Endodontia Selts asutati 01.05.2017 Eesti Endodontia Selts P\u00f5hikiri Meid v\u00f5ite leida ka FB st&nbsp;Kliki siia","og_url":"https:\/\/endodontia.ee\/?page_id=21","og_site_name":"Eesti Endodontia Selts","article_publisher":"https:\/\/www.facebook.com\/EestiEndodontiaSelts","article_modified_time":"2019-06-22T08:18:22+00:00","twitter_card":"summary_large_image","schema":{"@context":"https:\/\/schema.org","@graph":[{"@type":"WebPage","@id":"https:\/\/endodontia.ee\/?page_id=21","url":"https:\/\/endodontia.ee\/?page_id=21","name":"Seltsist - Eesti Endodontia Selts","isPartOf":{"@id":"https:\/\/endodontia.ee\/#website"},"datePublished":"2017-10-03T17:47:13+00:00","dateModified":"2019-06-22T08:18:22+00:00","breadcrumb":{"@id":"https:\/\/endodontia.ee\/?page_id=21#breadcrumb"},"inLanguage":"et","potentialAction":[{"@type":"ReadAction","target":["https:\/\/endodontia.ee\/?page_id=21"]}]},{"@type":"BreadcrumbList","@id":"https:\/\/endodontia.ee\/?page_id=21#breadcrumb","itemListElement":[{"@type":"ListItem","position":1,"name":"Home","item":"https:\/\/endodontia.ee\/"},{"@type":"ListItem","position":2,"name":"Seltsist"}]},{"@type":"WebSite","@id":"https:\/\/endodontia.ee\/#website","url":"https:\/\/endodontia.ee\/","name":"Eesti Endodontia Selts","description":"ESE t\u00e4isliige alates 2017","potentialAction":[{"@type":"SearchAction","target":{"@type":"EntryPoint","urlTemplate":"https:\/\/endodontia.ee\/?s={search_term_string}"},"query-input":{"@type":"PropertyValueSpecification","valueRequired":true,"valueName":"search_term_string"}}],"inLanguage":"et"}]}},"_links":{"self":[{"href":"https:\/\/endodontia.ee\/index.php?rest_route=\/wp\/v2\/pages\/21","targetHints":{"allow":["GET"]}}],"collection":[{"href":"https:\/\/endodontia.ee\/index.php?rest_route=\/wp\/v2\/pages"}],"about":[{"href":"https:\/\/endodontia.ee\/index.php?rest_route=\/wp\/v2\/types\/page"}],"author":[{"embeddable":true,"href":"https:\/\/endodontia.ee\/index.php?rest_route=\/wp\/v2\/users\/1"}],"replies":[{"embeddable":true,"href":"https:\/\/endodontia.ee\/index.php?rest_route=%2Fwp%2Fv2%2Fcomments&post=21"}],"version-history":[{"count":8,"href":"https:\/\/endodontia.ee\/index.php?rest_route=\/wp\/v2\/pages\/21\/revisions"}],"predecessor-version":[{"id":225,"href":"https:\/\/endodontia.ee\/index.php?rest_route=\/wp\/v2\/pages\/21\/revisions\/225"}],"wp:attachment":[{"href":"https:\/\/endodontia.ee\/index.php?rest_route=%2Fwp%2Fv2%2Fmedia&parent=21"}],"curies":[{"name":"wp","href":"https:\/\/api.w.org\/{rel}","templated":true}]}}